or of 12105 and 39.
3
What is the highest common divisor of 23 and 343?
1
Calculate the greatest common factor of 52 and 2381834.
26
What is the greatest common divisor of 1342780 and 20?
20
What is the greatest common divisor of 18 and 519282?
18
Calculate the greatest common divisor of 195 and 136032.
39
Calculate the highest common divisor of 14 and 924084.
14
Calculate the greatest common divisor of 84 and 13008.
12
Calculate the greatest common divisor of 2808 and 27378.
702
What is the highest common factor of 9143 and 1066?
41
What is the greatest common divisor of 1133 and 6592?
103
What is the highest common divisor of 33 and 3087447?
33
What is the highest common divisor of 810 and 1706022?
162
What is the highest common divisor of 4811472 and 144?
144
Calculate the greatest common divisor of 428 and 104.
4
What is the highest common factor of 26514 and 3102?
6
Calculate the greatest common factor of 2460 and 17670.
30
Calculate the greatest common factor of 160 and 139360.
160
What is the highest common factor of 299 and 1079?
13
Calculate the highest common divisor of 2295 and 49635.
45
Calculate the greatest common factor of 162846 and 1744.
218
What is the highest common factor of 76960 and 910?
130
Calculate the greatest common divisor of 352487 and 67.
67
What is the greatest common factor of 143990 and 154?
154
What is the greatest common factor of 851127 and 303?
303
What is the highest common factor of 36 and 117360?
36
What is the highest common divisor of 223991 and 19?
19
Calculate the highest common divisor of 2637 and 63.
9
What is the highest common divisor of 930358 and 1144?
286
Calculate the highest common factor of 189 and 2539908.
63
What is the greatest common divisor of 32856 and 6438?
222
What is the highest common divisor of 44992 and 7733?
703
Calculate the greatest common divisor of 8736 and 897.
39
Calculate the greatest common factor of 104 and 50453.
13
What is the highest common divisor of 6952 and 3432?
88
What is the highest common divisor of 208 and 13234?
26
What is the greatest common factor of 1204 and 745792?
172
What is the highest common divisor of 273 and 3967327?
91
What is the greatest common factor of 8 and 1016?
8
Calculate the highest common factor of 3886287 and 151.
151
What is the highest common divisor of 96 and 1737?
3
Calculate the highest common divisor of 1179630 and 85.
85
Calculate the greatest common factor of 8113377 and 1623.
1623
Calculate the highest common divisor of 256119 and 2478.
177
Calculate the highest common divisor of 809299 and 246.
41
What is the greatest common factor of 784 and 1898064?
784
What is the greatest common factor of 616 and 614152?
616
Calculate the highest common divisor of 799656 and 429.
429
Calculate the greatest common divisor of 2425414 and 202.
202
Calculate the greatest common factor of 160 and 492060.
20
What is the highest common divisor of 104 and 76328?
8
Calculate the highest common divisor of 330850 and 5525.
325
Calculate the greatest common divisor of 189425 and 25.
25
What is the highest common divisor of 6704 and 20?
4
What is the highest common divisor of 164826 and 288?
18
What is the highest common divisor of 324600 and 300?
300
What is the highest common factor of 767 and 1131?
13
Calculate the highest common factor of 1909 and 23.
23
Calculate the greatest common factor of 951735 and 402.
201
What is the highest common divisor of 364911 and 24?
3
What is the highest common divisor of 66252 and 12?
12
What is the highest common factor of 264 and 44528?
88
Calculate the highest common factor of 527 and 13051.
31
Calculate the highest common divisor of 22327256 and 56.
56
Calculate the highest common factor of 2234 and 64.
2
Calculate the highest common divisor of 2375 and 14375.
125
Calculate the greatest common factor of 154508 and 304.
76
Calculate the highest common divisor of 732 and 50325.
183
What is the greatest common factor of 88694 and 4270?
122
What is the greatest common factor of 318 and 71762?
106
What is the greatest common divisor of 216 and 87024?
24
What is the highest common factor of 923 and 5751?
71
What is the highest common factor of 9006 and 16?
2
What is the greatest common divisor of 19869774 and 366?
366
Calculate the greatest common divisor of 18942 and 36498.
462
Calculate the greatest common divisor of 94739 and 449.
449
Calculate the highest common factor of 2 and 21383.
1
What is the highest common divisor of 140747 and 3977?
97
Calculate the greatest common factor of 246 and 18286.
82
What is the greatest common factor of 724448 and 160?
32
Calculate the highest common factor of 2580 and 10770.
30
Calculate the highest common divisor of 29466 and 2736.
18
Calculate the highest common factor of 72 and 737496.
72
Calculate the greatest common factor of 2816 and 188408.
88
Calculate the greatest common divisor of 11 and 688.
1
What is the highest common divisor of 3815 and 478510?
545
Calculate the highest common divisor of 107016 and 36.
12
Calculate the highest common factor of 1071534 and 34268.
1318
Calculate the greatest common factor of 471 and 2198.
157
What is the greatest common factor of 81 and 68157?
9
What is the highest common factor of 611 and 416?
13
Calculate the greatest common factor of 328650 and 238.
14
Calculate the greatest common factor of 18 and 820854.
18
Calculate the highest common divisor of 6020 and 340.
20
What is the highest common factor of 3190 and 1131?
29
What is the greatest common factor of 2408523 and 78?
39
Calculate the greatest common divisor of 756 and 900.
36
Calculate the highest common divisor of 2829 and 1863.
69
What is the highest common factor of 430 and 92665?
215
Calculate the greatest common factor of 3434 and 768004.
202
Calculate the greatest common factor of 525775 and 200.
25
Calculate the highest common factor of 11850 and 200.
50
Calculate the highest common factor of 67646 and 1192.
298
What is the highest common factor of 756 and 460593?
189
Calculate the highest common factor of 917 and 249031.
131
Calculate the greatest common factor of 231328 and 416.
32
Calculate the highest common factor of 446 and 2420.
2
Calculate the highest common factor of 581 and 4475443.
581
Calculate the highest common divisor of 312720 and 80.
80
Calculate the highest common divisor of 447166 and 828.
46
Calculate the greatest common factor of 51 and 14569.
17
Calculate the greatest common factor of 1350820 and 1360.
340
What is the greatest common divisor of 84452 and 1892?
172
What is the highest common factor of 1743 and 22908?
249
What is the greatest common divisor of 132924 and 494076?
2508
Calculate the highest common factor of 424567 and 221.
13
Calculate the greatest common divisor of 21754 and 2336.
146
What is the greatest common factor of 44984 and 16?
8
Calculate the greatest common factor of 132 and 13672428.
132
What is the highest common factor of 4506 and 1086?
6
Calculate the highest common divisor of 711 and 27255.
237
What is the greatest common divisor of 510 and 13918665?
255
What is the greatest common divisor of 162414 and 756?
126
Calculate the greatest common factor of 285 and 79743.
57
What is the greatest common divisor of 530 and 2254090?
530
What is the highest common factor of 93 and 85467?
93
What is the highest common divisor of 32 and 44944?
16
What is the highest common factor of 7756266 and 302?
302
What is the greatest common divisor of 382320 and 590?
590
What is the highest common divisor of 242202 and 7104?
222
What is the greatest common factor of 34 and 1768051?
17
Calculate the highest common divisor of 69318 and 36.
18
Calculate the greatest common divisor of 325 and 10049.
13
Calculate the greatest common divisor of 1035 and 15663.
69
Calculate the highest common divisor of 7254 and 100971.
117
Calculate the greatest common factor of 199388 and 49.
7
Calculate the highest common factor of 298 and 722.
2
What is the highest common factor of 4 and 2944300?
4
Calculate the highest common divisor of 1131 and 2150031.
1131
Calculate the greatest common divisor of 25449649 and 139.
139
Calculate the greatest common divisor of 876 and 1825.
73
What is the highest common divisor of 30468 and 48?
12
What is the greatest